) + 19.
-4
Calculate -30 - (6 + -31 + 28).
-33
What is the value of 12 + (-3 + 4 - 8) + 7?
12
What is 85 + -90 - (6 - 1) - (0 + -5)?
-5
-1 + 0 + -1 + (14 - 5 - 7)
0
Evaluate (-14 - -6) + -34 + 25 + -8.
-25
Calculate -22 + -10 + (9 - 5) + 14.
-14
Calculate 42 - (25 + -1) - 36.
-18
Evaluate 7 + (1 + 0 - (60 + -58) - 26).
-20
Evaluate -10 + 4 + 2 + (5 - -5).
6
55 + 23 + 3 + -52
29
-3 + (-1 + -9 - (-14 + 4))
-3
26 - (10 + -4 + 3)
17
Calculate -11 + 12 - (5 + -11 - -3).
4
Evaluate (2 - 10) + (-11 + 1 - (-19 + 23)).
-22
2 + (-7 - -17) + -32
-20
-4 - (-9 + (-15 - -17 - (-4 + -1)))
-2
Evaluate -18 + (-9 - (-35 + 14 - -6)).
-12
What is 16 + (9 - (2 + 0)) + 13?
36
-42 + 42 - (0 - 7)
7
(9 - 11) + -2 - (-9 - -2) - 20
-17
Evaluate -1 + 0 + 22 - (-45 + 68 + -28).
26
What is the value of 103 + (-3 - 41) + -31?
28
Evaluate 5 + 33 + -26 + 15 + -3.
24
What is the value of -9 - (-1 + (9 - 5) - 6)?
-6
What is the value of (17 - 11) + 7 - 1?
12
Calculate 11 + 3 + -1 - 5 - -2.
10
-11 - (-18 + (9 - 6))
4
1 + (-9 + 15 - 7 - (6 - -11))
-17
What is 27 + -22 + (-1 - 1) - 0?
3
What is the value of 4 - (-8 + 3) - (2 - -6)?
1
What is the value of -32 - -55 - (1 + 7)?
15
Evaluate -7 - 0 - (3 - -10).
-20
What is 10 - 12 - (2 + 1 - 16) - -1?
12
-14 - (-24 - (14 - (13 + -2)))
13
What is (-7 + 2 + -1 - (24 - 28)) + -1?
-3
Evaluate (25 - 6 - 6) + (-1 - 1).
11
What is 44 + 0 + -292 + 260?
12
(-3 - (-10 - -3)) + 3 + -2 + -2
3
(9 - (-10 - (18 + -23))) + -6
8
What is (0 - (10 + -28)) + -11 + -1 + 0?
6
Calculate (1 - (-1 + 4 + 1)) + -9.
-12
What is the value of (18 - (28 + -7 + -11)) + -15?
-7
What is 3 + 2 + 4 + -18 + 5?
-4
(8 - (21 + -37)) + -10
14
What is the value of -2 + -12 - (288 - 292)?
-10
-16 - (-7 - (4 + -5 + 15) - -10)
-5
Calculate -13 - -11 - 5 - -15.
8
Calculate -3 + (73 - 72) + 1 + -1 + -9.
-11
-5 - (-19 - -32) - -21
3
What is the value of -24 + -32 + 79 - 16?
7
Calculate -13 - (0 - 10) - -10.
7
What is the value of -10 + (-2 + -3 - -3) + 6?
-6
Evaluate 19 - (21 - -4) - (3 - 1).
-8
-730 - -711 - (-9 - -1)
-11
Calculate 22 + (6 - (16 - 12)).
24
What is (6 - (-2 - 2 - -2 - 4)) + 0?
12
Evaluate 15 - 1 - (3 + 9 + (-4 - 2)).
8
Evaluate -93 + 88 - (-10 - 3).
8
(2 - 2) + (31 - 21)
10
(2 - -1) + (8 - 8 - -4 - 15)
-8
Calculate (4 - 4) + 3 - (44 + -48).
7
-1 + (1 - (6 + -1)) + -1 - -16
10
-3 + 5 + -3 + (5 - 2) + 19
21
What is -3 - -2 - (4 - 2 - -4)?
-7
(-6 + 1 - -8 - 11) + 22
14
What is (5 + -1 - (-27 + 25)) + -14?
-8
What is (14 + -2 - (104 + -98)) + 1 + -25?
-18
26 - (4 - -6) - (6 + -5)
15
Evaluate -12 + 28 + -44 + 16.
-12
Evaluate -8 - (0 - -2 - (39 - (-14 + 23))).
20
Evaluate (8 + 6 - -1) + -26.
-11
What is the value of -3 + -8 + 6 + (-136 - -131)?
-10
Calculate 3 + -4 + 3 + 1 + 11 - 7.
7
Evaluate (-1 - -4) + -4 + (6 - 3) + 1.
3
What is 4 - (-11 - (-10 + -4))?
1
Calculate -45 + (-3 - (-17 - -4)).
-35
Evaluate -7 + 0 - (-33 + -1 + 32).
-5
-7 + (1 - 4) - (1 - (9 - 15))
-17
Calculate (-2053 - -2064) + (-1 - 30).
-20
What is (-9 - -24) + -44 - -3?
-26
9 - (6 + 9 - -2)
-8
What is the value of 4 + (0 - (-27 - -20))?
11
What is 22 + 0 + 88 + -180 + 89?
19
Calculate -46 + 24 + 29 + -31.
-24
(-15 + 3 + 5 + -1 - -2) + 9
3
-44 + 77 + -35 - -17
15
-4 - (-38 + 3 + 17)
14
What is the value of (20 - ((2 - 2) + 6)) + 8?
22
What is 5 + 0 + (39 - 47)?
-3
Evaluate -456 + 452 + (-2 - -25).
19
Evaluate -13 - (-6 + (4 - (-11 - -9)) + 3).
-16
Evaluate -6 + (28 + -23 - (0 + 3)).
-4
Evaluate -2 - 1 - (-16 + 18).
-5
-1 + 0 - (34 - 64) - (-13 - -19)
23
Calculate -3 - (1 + 18) - (-622 + 630).
-30
What is 0 - (-5 - -13 - 4) - -8 - 17?
-13
What is -9 + (-12 - -3) + 9 + -9?
-18
Calculate (1 - -5) + (-23 - (-15 + -5)).
3
Calculate -66 - (6 + -27 - 16).
-29
1 - (-7 - ((4 - 20) + -2))
-10
What is the value of -13 - (21 - 20) - -12?
-2
What is -2 + 0 - 5 - (9 + 14 + -32)?
2
What is 4 + -1 + (-2 - 3) + 15?
13
-2 - -13 - (-7 + 0 - (-16 + 1))
3
What is (102 - 99 - (1 + 4)) + 10?
8
Evaluate -25 - -19 - 23 - 2.
-31
What is -39 - (26 + -20 - 20)?
-25
Calculate (0 - 1 - 1) + (-25 + 19 - -41).
33
Evaluate -1 + 23 + 7 + -5 - (1 - -4).
19
What is the value of 16 - 4 - (-23 + 31)?
4
Calculate -2 - (0 - -2) - -6 - (30 - 20).
-8
Calculate -11 + 16 + (-2 - 6).
-3
Calculate -10 + 11 + (-1 - (4 + -2 + -1)).
-1
What is the value of 12 - (40 + 0 + -290 + 287)?
-25
What is 147 - 141 - (17 + 1) - 0?
-12
Evaluate -1 - (-9 + (-2 - (-7 - 17))).
-14
What is -20 + (54 - (33 + -12))?
13
4 + 11 + -13 + 2
4
What is the value of -4 + 8 + (-6 - 7) + 2 + 2?
-5
What is 3 + -10 - (50 - (45 - 18))?
-30
What is -7 - (-3 - (0 - -11)) - 9?
-2
Calculate -43 - (-35 + 75 - 120).
37
What is the value of 1 + (21 - (-5 - -21)) + 0 + 5?
11
Evaluate 8 + (-4 - (4 + -10) - 21).
-11
Calculate (12 - -11) + 99 + -134.
-12
Calculate (-6 + -3 + 0 + 11 - 19) + -2.
-19
Calculate (19 + -2 - -1) + 5 + (-43 - -31).
11
Evaluate 2 - -3 - (-13 + 19 + (-3 - -1)).
1
Evaluate -2 + (20 - (9 - -40)) + 1 + -1.
-31
28 + -7 + -25 - (2 - 40)
34
Calculate -1 + 20 + (12 - 3).
28
What is the value of 11 + 21 + (-11 - 4) + 15?
32
3 - ((-2 - -13) + -15) - (2 - 0)
5
What is the value of (-2 - (8 + -2)) + -28 + 51 + -2?
13
(-16 - -11) + -12 - -7
-10
19 + 7 - (35 - 18)
9
Calculate (38 - 35) + 6 - (1 + -11).
19
What is the value of 14 + -12 - (-1 + -10) - (2 - 5)?
16
Evaluate 219 + -225 - (0 - 11).
5
Calculate -20 + (4 - 3 - 5 - (-25 + 24)).
-23
Calculate -19 + -4 + 7 + (-10 + 9 - 11).
-28
What is the value of (31 - (28 - 14)) + -16?
1
What is -11 + 16 + -23 + 2?
-16
What is the value of -40 + 0 - (-51 + 27)?
-16
Evaluate 2 + 7 + (13 - (12 - (8 + -3))).
15
What is -25 - (-27 - -7) - -11?
6
What is the value of 3 + 0 + (69 - 94 - (-9 + 0))?
-13
Calculate 5 + -1 + 6 + 12 + -6.
16
Evaluate 40 + (-9 - 26) + -23.
-18
What is -16 - (-47 - -19 - -1)?
11
Evaluate 13 + (-7 - (1 + -8 + -2)) - 1.
14
6 + -7 + 12 + -3 - -3
11
30 + -61 - (-32 - -6)
-5
Calculate -10 + (6 - 3) + 3 + 15.
11
Evaluate -21 + (6 + 3 - (7 + 1)) + 7.
-13
Evaluate -14 + 6 + 12 - (-2 + 3 - -5).
-2
18 - (6 + -3 - 2) - (-288 - -282)
23
Evaluate 23 - (34 - 18 - 35 - -33).
9
124 - 138 - (-2 - (-6 + 12))
-6
-5 - (3 - (19 + -18))
-7
Evaluate 10 + 6 + -6 + -4 + -5.
1
What is the value of (14 - (16 + 13)) + 5 + -1?
-11
31 - 19 - (3 + 9 + -3)
3
What is 9 - -1 - (8 + -25 + 20)?
7
Evaluate 14 + 1 - 17 - (-9 - -2) - -21.
26
What is the value of 70 + -74 - (3 + 2)?
-9
What is 9 + (5 - (11 - 4)) - -8?
15
What is -2 + 2 - (77 - 70)?
-7
Evaluate -24 + (2 - -6) + 5 + (-2 - -32).
19
What is 2720 + -2753 + (-2 - -1 - (-8 - -1))?
-27
Calculate -19 - (-13 - (-21 - -17)).
-10
-21 + (-17 - (-38 + 3))
-3
Calculate -24 - (2 - 9) - -41.
24
What is -1 + 8 + -3 + (-1 - (1 - 1))?
3
What is the value of 12 + 21 + -13 + -8?
12
What is -15 + (-14 - -30) - 6?
-5
Calculate -6 + -20 + (7 - -3) + 4.
-12
What is 13 + -3 - (25 + -18) - 13?
-10
Calculate (6 - 9) + 2 + -1 + 3 + 0.
1
Evaluate (-9 - 1) + 13 + 20 + -28.
-5
179 + -143 - (26 - -1)
9
What is the value of (-2 - (5 + (0 - 13))) + -24 + 4?
-14
Evaluate -11 - (-11 + 0) - 3.
-3
Calculate 3 - (-1 + (15 - 1)).
-10
What is the value of 26 + (-3 + 0 - -5) + (261 - 272)?
17
What is the value of -13 + -5 + (-7 + 5 - -7)?
-13
What is -5 + 16 + -3 - ((8 - -3) + -4)?
1
Evaluate -6 - (-2 + (6 - 15) - -12).
-7
Evaluate 599 + -610 - (-1 - -7).
-17
What is the value of (-2 - (-25 - -21)) + 15?
17
What is the value of -19 - -4 - (-1 - 0)?
-14
What is the value of (-4 - (7 + 1)) + 9?
-3
Calculate -1 + (5 - 3) + (2 - (5 - -5)).
-7
Evaluate -41 + 9 - (-9 + 2) - (-10 + 2).
-17
What is the value of -6 + 10 + 7 + -5 + -11 + 7?
2
Calculate (-12 - 2) + 21 + 2.
9
Evaluate (2 - 0 - (1 - 2)) + 1 + 8.
12
What is the value of -16 + 11 + 11 + 1 + (-3 - 0)?
4
What is 11 - (13 - 0 - 25)?
23
-38 - (-52 - -26 - 26)
14
What is 13 + -17 + 8 - -12?
16
Evaluate -13 - (-12 - -27) - -18.
-10
Calculate 25 - 15 - (0 + 15) - (19 - -3).
-27
-6 + (-18 - -3 - -6) - -8
-7
What is the value of -4 + (36 - 3) + -17?
12
(3 - 9) + (-17 - -19)
-4
Evaluate -51 + 61 - (0 + -1 - (0 - 39)).
-28
Calculate 31 - (-15 - -30 - -15).
1
9 - (2 + 6) - (-2 - 0)
3
3 - (-7 + 1 + (-12 - (-13 + 7)))
15
Calculate -1 + 27 + (-54 - -43) + -4.
11
What is -13 + 20 - -13 - 4?
16
(2 - (5 + 5 + -6)) + 3 + 4
5
What is the value of -3 - ((-1 + -5 - -2 - 6) + 5)?
2
17 - (-2 + 1) - (